{"id":673,"date":"2017-02-14T13:44:17","date_gmt":"2017-02-14T13:44:17","guid":{"rendered":"http:\/\/www.tecnicamecanica.com\/web\/?page_id=673"},"modified":"2017-07-12T21:19:09","modified_gmt":"2017-07-12T21:19:09","slug":"engranajes","status":"publish","type":"page","link":"https:\/\/www.tecnicamecanica.com\/web\/productos\/engranajes\/","title":{"rendered":"Engranajes"},"content":{"rendered":"<p>[vc_row][vc_column][vc_message style=\u00bbsquare\u00bb message_box_color=\u00bbgrey\u00bb icon_type=\u00bbopeniconic\u00bb css_animation=\u00bbfadeInLeft\u00bb icon_openiconic=\u00bbvc-oi vc-oi-ok-circle\u00bb]<\/p>\n<p style=\"text-align: justify;\"><span style=\"font-size: 12pt; color: #000000;\">Engranajes fabricados con la m\u00e1s alta precisi\u00f3n por medio de m\u00e1quinas con tecnolog\u00eda CNC, otorgando a nuestros clientes mayor calidad en excelentes tiempos.<\/span><\/p>\n<p>[\/vc_message][\/vc_column][\/vc_row][vc_row][vc_column][vc_gallery type=\u00bbnivo\u00bb interval=\u00bb3&#8243; images=\u00bb880,881,882,883,884,885,886,887&#8243; img_size=\u00bbfull\u00bb][\/vc_column][\/vc_row]<\/p>\n","protected":false},"excerpt":{"rendered":"<p>[vc_row][vc_column][vc_message style=\u00bbsquare\u00bb message_box_color=\u00bbgrey\u00bb icon_type=\u00bbopeniconic\u00bb css_animation=\u00bbfadeInLeft\u00bb icon_openiconic=\u00bbvc-oi vc-oi-ok-circle\u00bb] Engranajes fabricados con la m\u00e1s alta precisi\u00f3n por medio de m\u00e1quinas con tecnolog\u00eda CNC, otorgando a nuestros clientes mayor calidad en excelentes tiempos. [\/vc_message][\/vc_column][\/vc_row][vc_row][vc_column][vc_gallery type=\u00bbnivo\u00bb interval=\u00bb3&#8243; images=\u00bb880,881,882,883,884,885,886,887&#8243; img_size=\u00bbfull\u00bb][\/vc_column][\/vc_row]<\/p>\n","protected":false},"author":1,"featured_media":0,"parent":650,"menu_order":0,"comment_status":"closed","ping_status":"closed","template":"","meta":{"_joinchat":[]},"_links":{"self":[{"href":"https:\/\/www.tecnicamecanica.com\/web\/wp-json\/wp\/v2\/pages\/673"}],"collection":[{"href":"https:\/\/www.tecnicamecanica.com\/web\/wp-json\/wp\/v2\/pages"}],"about":[{"href":"https:\/\/www.tecnicamecanica.com\/web\/wp-json\/wp\/v2\/types\/page"}],"author":[{"embeddable":true,"href":"https:\/\/www.tecnicamecanica.com\/web\/wp-json\/wp\/v2\/users\/1"}],"replies":[{"embeddable":true,"href":"https:\/\/www.tecnicamecanica.com\/web\/wp-json\/wp\/v2\/comments?post=673"}],"version-history":[{"count":12,"href":"https:\/\/www.tecnicamecanica.com\/web\/wp-json\/wp\/v2\/pages\/673\/revisions"}],"predecessor-version":[{"id":1183,"href":"https:\/\/www.tecnicamecanica.com\/web\/wp-json\/wp\/v2\/pages\/673\/revisions\/1183"}],"up":[{"embeddable":true,"href":"https:\/\/www.tecnicamecanica.com\/web\/wp-json\/wp\/v2\/pages\/650"}],"wp:attachment":[{"href":"https:\/\/www.tecnicamecanica.com\/web\/wp-json\/wp\/v2\/media?parent=673"}],"curies":[{"name":"wp","href":"https:\/\/api.w.org\/{rel}","templated":true}]}}